
Let k = -68 + 73. What is the remainder when 17 is divided by k?
2
Let u(h) = h**3 - h - 2. Let v be u(2). Suppose v*b + 36 = 8*b. Let m(k) = -7*k - 2. Calculate the remainder when m(-4) is divided by b.
8
Suppose 10*x - 61 = 39. What is the remainder when x is divided by 4?
2
Let r(o) = o**2 - 9*o - 20. Calculate the remainder when r(16) is divided by 25.
17
Suppose -d + z + 20 = 0, 135 = 3*d + 2*d + 2*z. Calculate the remainder when d is divided by 13.
12
Suppose 4*v + 12 = 4*c, c - 5 = -3*v + 5*v. Calculate the remainder when 20 is divided by c*(1 + 1) - -5.
6
Let i = -173 - -181. Let g = -27 - -57. What is the remainder when g is divided by i?
6
Let g = 20 + -1. What is the remainder when g is divided by 9 + 0 + 0 + 1?
9
Suppose 4*i - 6 = 2. Suppose s = 9 - 3. What is the remainder when (-22)/(-1) - (i - 3) is divided by s?
5
Let y = -167 - -200. Calculate the remainder when y is divided by 18.
15
Let x = 31 - -12. Calculate the remainder when 83 is divided by x.
40
Suppose 10 - 26 = -4*o. Let b be ((-3)/(-2))/(3/o). Suppose -b*f - 1 + 37 = 0. What is the remainder when f is divided by 10?
8
Let s(w) = -w - 13. Let v(p) = p**2 + 11*p - 16. Let o be v(-11). What is the remainder when 10 is divided by s(o)?
1
Let v(f) = f + 19. What is the remainder when 23 is divided by v(-7)?
11
Suppose 0*o = 2*o + 22. Let d = 25 + o. What is the remainder when 26 is divided by d?
12
Suppose h - 3*u - 1 = 0, 0 = 3*h - 8*h - 3*u - 13. What is the remainder when 37 is divided by -1*(2 + h + -13)?
11
Suppose 0 = 12*u - 0*u - 2472. What is the remainder when u is divided by 19?
16
Suppose -13*z = -9*z - 52. Let q = 93 + -44. What is the remainder when q is divided by z?
10
Let r = 104 - 86. Calculate the remainder when 89 is divided by r.
17
Suppose 109 - 259 = -5*t. What is the remainder when 113 is divided by t?
23
Suppose -g + 2*u = 2 - 0, -g = 2*u - 14. Let z = 6 - -5. What is the remainder when z is divided by g?
5
Suppose -6*y + 5*y + 17 = 0. Let h be 8 - -2*(-1 + 2). Calculate the remainder when y is divided by 64/h + (-4)/10.
5
Suppose -5*b + 15 + 0 = 0. Suppose -b*g - 5*j = -39, -3*j + 2 = g - 5*j. What is the remainder when 30 is divided by g?
6
Suppose t - 2*k - 3*k + 4 = 0, -4*k = -5*t + 22. What is the remainder when t is divided by 4?
2
Let x = -4 + 7. Let m(w) = -w + 9. Let l be m(4). Suppose 2*f = x*f - l. Calculate the remainder when f is divided by 3.
2
Let m be 3/2 - (-6)/4. Let l(h) = h**2 - 4*h - 3. What is the remainder when (-12 + m)/(-3) - 1 is divided by l(5)?
0
Suppose -2*p + 3*p = -29. Let o = -16 - p. What is the remainder when o is divided by 5?
3
Suppose 4*h + 4*m = 36, 0 = 3*h - 2*m + 17 - 49. What is the remainder when 28 is divided by h?
8
Let x = -3 - -19. What is the remainder when 46 is divided by x?
14
Suppose 95*c - 92*c - 21 = 0. Suppose -4*b = b. Suppose -4*g + 0*g + 44 = b. What is the remainder when g is divided by c?
4
Let d be (-1)/(-3)*(7 + 5). Suppose 35 = d*i - a, 2*a - 60 = -5*i - 0*a. What is the remainder when 27 is divided by i?
7
Let b(d) = d**3 - 6*d**2 + 6*d + 4. Suppose -5*t = 2*o + 10, o + 0 = -3*t - 7. Calculate the remainder when 26 is divided by b(o).
8
Let l(p) = p**2 + 3*p + 2. Calculate the remainder when l(-5) is divided by (-14)/(-4)*1/(1/2).
5
Let q be (-1 + 0)*-1 + -1. Suppose q = -2*y + 9 + 5. Calculate the remainder when 12 is divided by y.
5
Suppose 3 - 15 = -4*f. Suppose 0 = -5*a + f*a + 44. Let p(g) = 3*g. Calculate the remainder when a is divided by p(4).
10
Let h(c) = -c**3 - 5*c**2 + 5*c - 3. Calculate the remainder when h(-7) is divided by 31.
29
Suppose 0 = 6*s - s - 110. Calculate the remainder when s is divided by (144/40)/(6/20).
10
Let z = -5 + -3. Let h(x) = 4*x**2 - 6*x**2 - 5 + x**3 + 9*x**2 - 9*x. What is the remainder when 5 is divided by h(z)?
2
Let h(u) = u**3 - 8*u**2 + 7*u + 8. Calculate the remainder when 31 is divided by h(7).
7
Let t(j) = -11*j**2 - 28*j - 2. Let m(o) = -7*o**2 - 19*o - 1. Let n(s) = 8*m(s) - 5*t(s). What is the remainder when n(-12) is divided by 1?
0
Suppose -199 + 1179 = 4*v. Calculate the remainder when v is divided by 31.
28
Suppose -5*w + 4*q + 73 = 0, -w = 2*w - q - 48. What is the remainder when w is divided by 12?
5
Suppose 3*n + 40 - 97 = 0. Calculate the remainder when 56 is divided by n.
18
What is the remainder when 16 is divided by ((-5)/2)/(30/(-72))?
4
Let p(r) = r + 1. Let n be p(-4). Let i(d) = -4*d. Let f be i(n). Suppose f = v - 17. What is the remainder when v is divided by 10?
9
Let f = -2 + 1. Let y = 37 - 28. Let p = f + y. Calculate the remainder when 31 is divided by p.
7
Let i = 37 + -6. Suppose -b - 5*g = -28, -3*b + g + i + 85 = 0. Suppose 0 = 2*j - 38 - 2. Calculate the remainder when b is divided by j.
18
Suppose 5*q = -4 - 6. Let b be q/8 - 250/(-8). Suppose -3*j = -11 - b. What is the remainder when 40 is divided by j?
12
Suppose 2*w = -6, 6*d - 3*d + 3 = -3*w. Suppose 3*b - 18 = -5*k + 35, 5*k = -d*b + 42. Calculate the remainder when 33 + (-3)/(9/3) is divided by b.
10
Let t = -29 + 47. Suppose i - 2*g - 12 = 0, -2*i + g + 0*g = -t. Suppose -40 = -2*x - 4*j, 0*x + 39 = 3*x - j. Calculate the remainder when x is divided by i.
6
Let a(k) = -k**3 + 10*k**2 - 6*k - 2. What is the remainder when a(9) is divided by 7?
4
Suppose 8*j = 9*j - 9. Calculate the remainder when 35 is divided by j.
8
Suppose 0*l - 25 = -5*l. Suppose -d + 13 = 5*i, -d + l*d = 2*i + 8. Suppose -6 = j - 3*w + 5*w, 2*j - 5*w = 24. What is the remainder when i is divided by j?
0
What is the remainder when ((-12)/14)/(3/(-14)) is divided by 3?
1
Suppose 0 = 5*f - 9 - 21. Suppose -5*w + b + 20 = 0, 2*w + 2*b - 12 = -w. What is the remainder when 53 is divided by (3 - w)*f*-3?
17
Suppose -75 - 118 = -4*v - 5*u, -3*v + 4*u + 106 = 0. Suppose 4*f - 72 = -4*k, -4*f + 9 = -f. Calculate the remainder when v is divided by k.
12
Suppose -3*y = 15*y - 576. What is the remainder when y is divided by -2*((-22)/4 + 0)?
10
Suppose 19 - 51 = 4*b. Let g = -11 - b. Calculate the remainder when 19 is divided by 1*g*(-40)/12.
9
Suppose 2*c - 2*w - 13 = -c, 5*c + 3*w = 9. What is the remainder when c is divided by 2?
1
Suppose 3*l - 5*s = 181, l - 5*s = -l + 129. Let m(a) = a**2 + 5*a + 11. What is the remainder when l is divided by m(-5)?
8
Let l(c) = -c**2 - 9. Let j(t) = t**2 + 8 + t - t. Let x(u) = -2*j(u) - 3*l(u). What is the remainder when 32 is divided by x(0)?
10
Let q = 8 + 2. What is the remainder when 27 is divided by q?
7
Let c(r) = 2*r - 15. Suppose 12*l - 9*l = 39. Calculate the remainder when 75 is divided by c(l).
9
Let z(g) = g - 9. Suppose -50 = -4*l + 2*u, -2*l + 0*u + 45 = -5*u. Let d be z(l). Calculate the remainder when 19 is divided by -14*d/(-1*2).
5
Suppose 5*d + 0*x + 2*x = 2, 14 = d - 3*x. What is the remainder when 12 is divided by d?
0
Suppose 0 = -3*f - 2*n + 10, n = -4*f - 0*n + 15. Suppose -f*q - 116 = -3*t, -5*q = -2*t - 0*t + 89. Calculate the remainder when t is divided by 17.
15
Let y(a) = -a**2 - 8*a + 1. Let r be y(-7). Let l = r - 3. Suppose q - 13 = -p, -3*q = -3*p - 37 - 8. Calculate the remainder when q is divided by l.
4
Let f(a) = 11*a + 4. Let o(k) = -11*k - 5. Let h(g) = 4*f(g) + 3*o(g). Calculate the remainder when h(2) is divided by 1*15 - 0 - 2.
10
Let q(l) = -l**3 + 6*l**2 + 5*l + 17. What is the remainder when 10 is divided by q(7)?
1
Let y(d) = d - 2. Suppose 20 = 5*b + 3*p, -15 - 5 = -5*b - 5*p. Let q = 3 - 1. Calculate the remainder when y(b) is divided by q.
0
Suppose 0 = 4*z + 22 + 30. Let f = z - -22. Suppose 0 = -2*u + 18 + 16. Calculate the remainder when u is divided by f.
8
Let z be -2 + (-2 + 1 - -3). Suppose -q + 4*a = z, 2*q - 3*a + 3 = 8. What is the remainder when (22/(-4))/(17/(-34)) is divided by q?
3
Let o(h) = -4*h - 1. Let p be (-12)/3*6/4. What is the remainder when o(p) is divided by 8?
7
Let v = 7 + 0. Let y be 14/(-2 - (3 - 3)). Let p = 5 - y. What is the remainder when p is divided by v?
5
Suppose -z + 14 = -32. What is the remainder when z is divided by 12?
10
Suppose -b = 4*p + 4*b - 7, p - 2*b = 5. Suppose 3 = -p*h + 132. Calculate the remainder when h is divided by 15.
13
Let c(j) = j**2 + 2*j. What is the remainder when 73 is divided by c(3)?
13
Let b = 44 - 26. What is the remainder when